e -i = -7*a + 10*a - 490, -5*a = 5*i - 2490. What are the prime factors of i?
2, 251
Suppose -3*v + 7498 = 5*w, -5*v + 5*w + 3279 = -9151. List the prime factors of v.
47, 53
Let u(a) = 6*a + 2*a + a**2 + 3*a + 1 - 4*a + a**3. What are the prime factors of u(5)?
2, 3, 31
Suppose -w + 250 = -1734. What are the prime factors of w?
2, 31
Let h = 97 - 94. Suppose h*k - 733 = -b, k - 151 = -3*b + 96. What are the prime factors of k?
2, 61
Suppose 4*k - 10 = -2*n, -17 = -4*n - 7*k + 2*k. Suppose -7*q - n*h - 24 = -3*q, 5*h = 5*q + 30. What are the prime factors of ((-51)/(-6))/((-3)/q)?
17
Let s = 2583 - 4031. Let w be (-6)/27 + s/(-36). Suppose -4*m = -16 - w. What are the prime factors of m?
2, 7
Let m(u) = -487*u + 255. List the prime factors of m(-3).
2, 3, 11, 13
Let z be 11/(-11) + (1 - 0)*12. Suppose 315 = -6*f + z*f. List the prime factors of f.
3, 7
Let u = 15 - -105. Suppose 123*h = u*h + 396. List the prime factors of h.
2, 3, 11
Let z(a) = -45*a - 50. Let f be (192/(-4))/8 - (2 - 0). What are the prime factors of z(f)?
2, 5, 31
Let i be ((-16)/5)/((-26)/455). Suppose -5*h + 110 = -4*f, 2*h - 3*f - f = i. Let l = h - -5. List the prime factors of l.
23
Let v(m) = 8*m**2 + 7*m + 4. Let z be v(-2). Let c = 88 + z. List the prime factors of c.
2, 5, 11
Let n = -115 + 0. Let j = -87 - n. What are the prime factors of j?
2, 7
Suppose a = -3*w + w + 998, 3*w + 2*a = 1499. List the prime factors of w.
7, 71
Let x(a) = 10*a + 2. Let t be (-340)/(-90) - 2/(-9). Suppose -t*k - 2*s = 2 - 0, -3*s - 21 = -3*k. What are the prime factors of x(k)?
2, 11
Suppose 0 = x - 5*p - 984, -9*p - 3860 = -4*x - 8*p. What are the prime factors of x?
2, 241
Suppose 4*w + w + 0*w = 0. Suppose -p - 2*l = -w*l - 146, 5*l - 590 = -4*p. What are the prime factors of p?
2, 3, 5
Let n = 23 + -23. Suppose n = g - 3*h - 1, -11 - 1 = -2*g - 4*h. List the prime factors of (87/6)/(2/g).
29
Suppose -3*u + 50 - 8 = 0. Let h = 16 - u. Suppose h*p - 108 = -0*p. List the prime factors of p.
2, 3
Let s = 9 + -12. Let a be 12/(s - -5) + 4. Let b = 49 + a. What are the prime factors of b?
59
Let v(t) = 33*t + 10. Let m = -37 - -40. What are the prime factors of v(m)?
109
Let o(y) = -y**3 + 11*y + 111. List the prime factors of o(-10).
7, 11, 13
Suppose 2*v = 37*i - 35*i - 102, -3*v - 15 = 0. What are the prime factors of i?
2, 23
Suppose 5*z - 36 = 2*z. Suppose 0 = 5*x - z - 58. What are the prime factors of ((-20)/x)/(20/(-280))?
2, 5
Suppose -5*f + 10*f - 2*a = 1002, -3*f - 4*a = -596. List the prime factors of f.
2, 5
Suppose -16*j = -9*j - 28. List the prime factors of (334/(-2))/((-5)/1 + j).
167
Let m(r) = -9*r + 5. Let q be m(-2). Suppose 0 - q = -g. List the prime factors of g.
23
Suppose -2*o = -5*m - 20 - 18, -o + 4*m = -22. What are the prime factors of 4/o - (-2512)/28?
2, 3, 5
What are the prime factors of 2/11 - 13260/(-33)?
2, 3, 67
Let w be (-132)/(-20) - 12/(-30). Suppose -5*f + w*f - 42 = 0. List the prime factors of f.
3, 7
Suppose 10*d - 30 = 5*d. What are the prime factors of d?
2, 3
Let w(s) = 7*s**2 + 5*s + 18. Let c(t) = -15*t**2 - 9*t - 37. Let b(n) = 6*c(n) + 13*w(n). List the prime factors of b(-12).
2, 3
Let h(u) = 2*u**2 + 3*u + 1. Let a(j) = -3*j + 15. Let w be a(6). Let y be h(w). Suppose 3*q - 28 = -y. What are the prime factors of q?
2, 3
Let q(a) = 0*a**3 - a**3 - 5 + 8*a**2 - 3 - 2 - a. What are the prime factors of q(7)?
2
Let x(o) = -o**2 - 11*o + 15. Let b be x(-12). Suppose -10 - 77 = b*r. Let h = -2 - r. List the prime factors of h.
3
Suppose s + 4*i + 8 = 0, -18 = 5*s + 4*i + 22. Let v(f) = -f**2 - 9*f - 5. Let q be v(s). Suppose -q*b = -b - 80. List the prime factors of b.
2, 5
Suppose -3*a + 36 = -a. Let d = a - -86. What are the prime factors of d?
2, 13
Suppose 10*k - 11380 = -640. What are the prime factors of k?
2, 3, 179
Let h = -70 + 67. List the prime factors of 32*(-1)/3*h.
2
Let z(c) = -c**3 + 11*c**2 + 13*c + 4. Let f be z(12). Let w = 19 - 6. Let g = f - w. What are the prime factors of g?
3
Let k = 182 - -67. Suppose 0 = -w + k - 33. List the prime factors of w.
2, 3
Suppose -a - 3*j + 458 = 0, -5*a = 10*j - 8*j - 2238. What are the prime factors of a?
2, 223
Suppose 2*k - 4*r - 8 = 0, 5*k = 3*r + 12 + 1. Suppose k*d - 30 = 7*d. Let s(f) = -12*f - 15. List the prime factors of s(d).
3, 19
Let q be (3/1 - -4) + -2. Suppose -j + 25 = q*m, 5*m - 8 = 2. Let k = j - 12. List the prime factors of k.
3
Let f(m) = m**3 - m**2 + 2265. What are the prime factors of f(0)?
3, 5, 151
Let k be 3/(-6) - ((-6356)/(-8))/(-7). List the prime factors of (4/(-10) - 26/10) + k.
2, 5, 11
Suppose 0 = -3*s + 5*y + 113, -19 = -s + y + 16. Suppose s = v + 1. What are the prime factors of v?
2, 3, 5
Let d = -12 + 22. Suppose -3 = -2*h - b, -3*h + 4*b = -0 - d. Suppose 0 = -l + 3*q + 14, h*l + 3*l = q + 42. List the prime factors of l.
2
Suppose 8 = -3*k + 4*z, 2 = k + 4*z - 6. Suppose -5*h = -k*h + 195. Let u = h - -96. List the prime factors of u.
3, 19
Let r = 599 - 313. List the prime factors of r.
2, 11, 13
Let v(g) = -2*g**2 - 33*g - 15. Let w be v(-13). Suppose -2*m + u = -w, 6*m + 4*u = m + 190. What are the prime factors of m?
2, 19
Let j = 62 + 7. What are the prime factors of j?
3, 23
Let g(q) = 17*q - 12 - 5 - 1 - 1. List the prime factors of g(5).
2, 3, 11
Suppose -y - 5*s + 5 = -42, -4*y + 4*s + 68 = 0. Let n = y + -32. Let j = n + 17. List the prime factors of j.
7
Suppose -p = -2*z - 22, 2*p + 2*z - 40 = 7*z. Let m = 15 - p. Let l(q) = -q**2 - 18*q - 19. What are the prime factors of l(m)?
2, 13
Let r(z) = -z**2 - 12*z - 26. Let q be r(-9). Let s(d) = 116*d + 4. List the prime factors of s(q).
2, 3, 5
Suppose 5*s - 2*h = -3*h - 112, -2*s - 31 = 5*h. Let r(c) = c**3 - 14*c**2 + 2*c + 15. Let b be r(14). Let q = b + s. What are the prime factors of q?
2, 5
Let w(i) = 24*i - 24. Let c(y) = -5*y + 5. Let r(p) = 14*c(p) + 3*w(p). Let j be r(1). Suppose j*d + 4*d - 153 = -n, 5*n - 43 = -d. List the prime factors of d.
2, 19
Suppose 3*c - 688 = -5*u, 0 = -c + 5*c + 2*u - 908. List the prime factors of c.
2, 113
Suppose -3*j = -2*t - 10492, 5*t + 10601 - 3588 = 2*j. List the prime factors of j.
2, 1747
Let i(q) = q - 4. Let p be i(-3). Let c(l) = 2*l + 8. Let v be c(p). Let y(g) = -g**3 - 6*g**2 - 2*g + 2. List the prime factors of y(v).
2, 7
Suppose -3*g + 2*f = -3238, -3*f + 1094 = 28*g - 27*g. List the prime factors of g.
2, 541
Let j(d) = -d**2 + 11*d - 4. Let q = -13 + 6. Let p = 1 - q. List the prime factors of j(p).
2, 5
Suppose 0 = 2*v - 3*m - 6441, -24*v + 16115 = -19*v + 5*m. What are the prime factors of v?
2, 3, 179
Suppose -25 = 5*y, 0 = -4*q - q - 2*y. Let h = q - 6. What are the prime factors of (h/(-8))/(3/174)?
29
Let g = 36 - 22. What are the prime factors of 114 - (12/7 + 4/g)?
2, 7
Let c = 93 + -90. Suppose -o + 0*b + 5*b + 131 = 0, -c*b - 609 = -4*o. What are the prime factors of o?
2, 3, 13
Let b(u) = u**3 + 10*u**2 + 9*u + 4. Let f be b(-9). Let l(n) = 4*n**3 + 6*n + n - f*n - 5. What are the prime factors of l(2)?
3, 11
Let t be (-5 - -7)*1/2. Let v be 2*((-4)/(-2) - t). What are the prime factors of ((-650)/(-13))/(-1 + v)?
2, 5
Suppose -m + 2 + 3 = 0. Suppose -4*o = -m*o. Suppose o*z - z + 27 = 0. What are the prime factors of z?
3
Let x = 28 - -298. Let y = 28 + x. Suppose 0 = -v - 5*v + y. What are the prime factors of v?
59
Let m = 15 + -13. Suppose 0 = -4*k + m*j + 402, -24 = 5*j + 1. What are the prime factors of k?
2, 7
Suppose 0 = 2*y - 4*g - 92, -5*g = 3*y - 95 + 12. List the prime factors of y.
2, 3
Let c be ((-18)/(-6))/((-6)/(-4)). Suppose c*w - 102 = -4*q, -5*w + q + 268 = -2*q. What are the prime factors of w?
53
Let c be ((-5)/2)/(1/(-2)). Suppose 5*t + c*f - 677 = 813, f = t - 308. List the prime factors of t/12 - 6/(-8).
2, 13
Suppose 0 = -2*o + s + 283 + 3281, 0 = o - 4*s - 1782. List the prime factors of o.
2, 3, 11
Let s(j) = 29*j**2 + 35. List the prime factors of s(-8).
31, 61
Suppose 6*s - 5*s = -5145. What are the prime factors of s/(-75) - 6/10?
2, 17
Suppose -7*v = -11*v + 16. What are the prime factors of v?
2
Let l be (-1)/2 + 54/4. Let z = 32 + l. What are the prime factors of z?
3, 5
Let a = 1329 + -151. List the prime factors of a.
2, 19, 31
Let y(w) = -46*w + 26. Let r be y(-8). Suppose -3*